{"id":2033,"date":"2026-01-06T07:54:09","date_gmt":"2026-01-06T07:54:09","guid":{"rendered":"https:\/\/escaipn2.com\/snecense\/?post_type=product&#038;p=2033"},"modified":"2026-01-06T09:40:42","modified_gmt":"2026-01-06T09:40:42","slug":"air-jordan-1-retro-mid-se-patent-black-gold","status":"publish","type":"product","link":"https:\/\/escaipn2.com\/snecense\/producto\/air-jordan-1-retro-mid-se-patent-black-gold\/","title":{"rendered":"Air Jordan 1 Retro Mid SE Patent Black Gold"},"content":{"rendered":"<blockquote><p>Un par que impone estilo desde cualquier \u00e1ngulo.<br data-start=\"52\" data-end=\"55\" \/>Estas Jordan combinan negro brillante tipo charol con detalles dorados, logrando un look elegante, llamativo y premium. Ideales para quien quiere destacar sin decir una palabra, f\u00e1ciles de combinar y perfectas tanto para streetwear como para outfits m\u00e1s formales.<br data-start=\"326\" data-end=\"329\" \/>Un cl\u00e1sico con toque de lujo que no pasa desapercibido.<\/p>\n<p>Nos reservamos a cancelar pedido en caso de inexistencias de talla asi como a su vez considere que el tiempo de entrega de este par al no ser nacioanal (viene de USA m\u00e1s no es clon) tarda de 7-15 dias en ser entregado<\/p><\/blockquote>\n","protected":false},"excerpt":{"rendered":"<p>Un par que impone estilo desde cualquier \u00e1ngulo.Estas Jordan combinan negro brillante tipo charol con detalles dorados, logrando un look elegante, llamativo y premium. Ideales para quien quiere destacar sin decir una palabra, f\u00e1ciles de combinar y perfectas tanto para streetwear como para outfits m\u00e1s formales.Un cl\u00e1sico con toque de lujo que no pasa desapercibido. [&hellip;]<\/p>\n","protected":false},"featured_media":2042,"template":"","meta":[],"product_brand":[209,207],"product_cat":[206,22],"product_tag":[],"class_list":{"0":"post-2033","1":"product","2":"type-product","3":"status-publish","4":"has-post-thumbnail","6":"product_brand-jordan","7":"product_brand-nike","8":"product_cat-hombre","9":"product_cat-tenis","10":"pa_tallatenis-26-5","11":"pa_tallatenis-76","12":"pa_tallatenis-27-5","13":"pa_tallatenis-78","14":"pa_tallatenis-28-5","15":"pa_tallatenis-80","16":"pa_tallatenis-29-5","17":"pa_tallatenis-82","19":"first","20":"instock","21":"shipping-taxable","22":"purchasable","23":"product-type-variable"},"_links":{"self":[{"href":"https:\/\/escaipn2.com\/snecense\/wp-json\/wp\/v2\/product\/2033","targetHints":{"allow":["GET"]}}],"collection":[{"href":"https:\/\/escaipn2.com\/snecense\/wp-json\/wp\/v2\/product"}],"about":[{"href":"https:\/\/escaipn2.com\/snecense\/wp-json\/wp\/v2\/types\/product"}],"wp:featuredmedia":[{"embeddable":true,"href":"https:\/\/escaipn2.com\/snecense\/wp-json\/wp\/v2\/media\/2042"}],"wp:attachment":[{"href":"https:\/\/escaipn2.com\/snecense\/wp-json\/wp\/v2\/media?parent=2033"}],"wp:term":[{"taxonomy":"product_brand","embeddable":true,"href":"https:\/\/escaipn2.com\/snecense\/wp-json\/wp\/v2\/product_brand?post=2033"},{"taxonomy":"product_cat","embeddable":true,"href":"https:\/\/escaipn2.com\/snecense\/wp-json\/wp\/v2\/product_cat?post=2033"},{"taxonomy":"product_tag","embeddable":true,"href":"https:\/\/escaipn2.com\/snecense\/wp-json\/wp\/v2\/product_tag?post=2033"}],"curies":[{"name":"wp","href":"https:\/\/api.w.org\/{rel}","templated":true}]}}