{"id":2018,"date":"2026-01-06T07:32:30","date_gmt":"2026-01-06T07:32:30","guid":{"rendered":"https:\/\/escaipn2.com\/snecense\/?post_type=product&#038;p=2018"},"modified":"2026-01-06T09:40:32","modified_gmt":"2026-01-06T09:40:32","slug":"air-jordan-1-low-concord","status":"publish","type":"product","link":"https:\/\/escaipn2.com\/snecense\/producto\/air-jordan-1-low-concord\/","title":{"rendered":"Air Jordan 1 Low Concord"},"content":{"rendered":"<blockquote><p>\ud83d\udd25 <strong data-start=\"112\" data-end=\"145\">Air Jordan 1 Low SE \u201cConcord\u201d<\/strong> \u2014 una reinterpretaci\u00f3n moderna del cl\u00e1sico inspirado en las legendarias Jordan 11 Concord. Con parte superior en cuero blanco y superposiciones de charol negro, combina elegancia y estilo urbano atemporal. Su suela exterior transl\u00facida azul icy y los detalles ic\u00f3nicos del logotipo Wings y Jumpman hacen de este sneaker un must-have para cualquier colecci\u00f3n. Perfectos para llevar tanto en outfits casuales como streetwear<\/p>\n<p>Nos reservamos a cancelar pedido en caso de inexistencias de talla asi como a su vez considere que el tiempo de entrega de este par al no ser nacioanal (viene de USA m\u00e1s no es clon) tarda de 7-15 dias en ser entregado<\/p><\/blockquote>\n","protected":false},"excerpt":{"rendered":"<p>\ud83d\udd25 Air Jordan 1 Low SE \u201cConcord\u201d \u2014 una reinterpretaci\u00f3n moderna del cl\u00e1sico inspirado en las legendarias Jordan 11 Concord. Con parte superior en cuero blanco y superposiciones de charol negro, combina elegancia y estilo urbano atemporal. Su suela exterior transl\u00facida azul icy y los detalles ic\u00f3nicos del logotipo Wings y Jumpman hacen de este [&hellip;]<\/p>\n","protected":false},"featured_media":2022,"template":"","meta":[],"product_brand":[209,207],"product_cat":[206,22],"product_tag":[],"class_list":{"0":"post-2018","1":"product","2":"type-product","3":"status-publish","4":"has-post-thumbnail","6":"product_brand-jordan","7":"product_brand-nike","8":"product_cat-hombre","9":"product_cat-tenis","10":"pa_tallatenis-26-5","11":"pa_tallatenis-76","12":"pa_tallatenis-27-5","13":"pa_tallatenis-78","14":"pa_tallatenis-28-5","15":"pa_tallatenis-80","16":"pa_tallatenis-29-5","17":"pa_tallatenis-82","19":"first","20":"instock","21":"shipping-taxable","22":"purchasable","23":"product-type-variable"},"_links":{"self":[{"href":"https:\/\/escaipn2.com\/snecense\/wp-json\/wp\/v2\/product\/2018","targetHints":{"allow":["GET"]}}],"collection":[{"href":"https:\/\/escaipn2.com\/snecense\/wp-json\/wp\/v2\/product"}],"about":[{"href":"https:\/\/escaipn2.com\/snecense\/wp-json\/wp\/v2\/types\/product"}],"wp:featuredmedia":[{"embeddable":true,"href":"https:\/\/escaipn2.com\/snecense\/wp-json\/wp\/v2\/media\/2022"}],"wp:attachment":[{"href":"https:\/\/escaipn2.com\/snecense\/wp-json\/wp\/v2\/media?parent=2018"}],"wp:term":[{"taxonomy":"product_brand","embeddable":true,"href":"https:\/\/escaipn2.com\/snecense\/wp-json\/wp\/v2\/product_brand?post=2018"},{"taxonomy":"product_cat","embeddable":true,"href":"https:\/\/escaipn2.com\/snecense\/wp-json\/wp\/v2\/product_cat?post=2018"},{"taxonomy":"product_tag","embeddable":true,"href":"https:\/\/escaipn2.com\/snecense\/wp-json\/wp\/v2\/product_tag?post=2018"}],"curies":[{"name":"wp","href":"https:\/\/api.w.org\/{rel}","templated":true}]}}