{"id":1936,"date":"2026-01-05T21:16:59","date_gmt":"2026-01-05T21:16:59","guid":{"rendered":"https:\/\/escaipn2.com\/snecense\/?post_type=product&#038;p=1936"},"modified":"2026-01-06T18:15:05","modified_gmt":"2026-01-06T18:15:05","slug":"air-jordan-4-black-cat","status":"publish","type":"product","link":"https:\/\/escaipn2.com\/snecense\/producto\/air-jordan-4-black-cat\/","title":{"rendered":"Air Jordan 4  Black Cat"},"content":{"rendered":"<p>Los AJ4, un \u00edcono venerado en la historia del b\u00e1squetbol y la cultura pop, han recorrido d\u00e9cadas con una larga lista de combinaciones de colores legendarias desde su debut en 1989. Una de las m\u00e1s memorables, \u00abBlack Cat\u00bb, est\u00e1 inspirada en uno de los apodos m\u00e1s emblem\u00e1ticos de MJ. Y ahora est\u00e1 de vuelta. Combina un estilo monocrom\u00e1tico de cuero nobuk color negro con acabados grafito mate y detalles caracter\u00edsticos del modelo original, como los ojales moldeados y la red transpirable. Incorpora el logotipo Jumpman en la leng\u00fceta y el logotipo Nike Air negro brillante en el tal\u00f3n. Eleva tu juego por encima del aro sin que nadie te vea venir: sigilo absoluto, estilo total.<\/p>\n","protected":false},"excerpt":{"rendered":"<p>Los AJ4, un \u00edcono venerado en la historia del b\u00e1squetbol y la cultura pop, han recorrido d\u00e9cadas con una larga lista de combinaciones de colores legendarias desde su debut en 1989. Una de las m\u00e1s memorables, \u00abBlack Cat\u00bb, est\u00e1 inspirada en uno de los apodos m\u00e1s emblem\u00e1ticos de MJ. Y ahora est\u00e1 de vuelta. Combina [&hellip;]<\/p>\n","protected":false},"featured_media":1953,"template":"","meta":[],"product_brand":[209,207],"product_cat":[206,22],"product_tag":[],"class_list":{"0":"post-1936","1":"product","2":"type-product","3":"status-publish","4":"has-post-thumbnail","6":"product_brand-jordan","7":"product_brand-nike","8":"product_cat-hombre","9":"product_cat-tenis","10":"pa_tallatenis-26-5","11":"pa_tallatenis-76","12":"pa_tallatenis-27-5","13":"pa_tallatenis-78","14":"pa_tallatenis-28-5","15":"pa_tallatenis-80","17":"first","18":"instock","19":"shipping-taxable","20":"purchasable","21":"product-type-variable"},"_links":{"self":[{"href":"https:\/\/escaipn2.com\/snecense\/wp-json\/wp\/v2\/product\/1936","targetHints":{"allow":["GET"]}}],"collection":[{"href":"https:\/\/escaipn2.com\/snecense\/wp-json\/wp\/v2\/product"}],"about":[{"href":"https:\/\/escaipn2.com\/snecense\/wp-json\/wp\/v2\/types\/product"}],"wp:featuredmedia":[{"embeddable":true,"href":"https:\/\/escaipn2.com\/snecense\/wp-json\/wp\/v2\/media\/1953"}],"wp:attachment":[{"href":"https:\/\/escaipn2.com\/snecense\/wp-json\/wp\/v2\/media?parent=1936"}],"wp:term":[{"taxonomy":"product_brand","embeddable":true,"href":"https:\/\/escaipn2.com\/snecense\/wp-json\/wp\/v2\/product_brand?post=1936"},{"taxonomy":"product_cat","embeddable":true,"href":"https:\/\/escaipn2.com\/snecense\/wp-json\/wp\/v2\/product_cat?post=1936"},{"taxonomy":"product_tag","embeddable":true,"href":"https:\/\/escaipn2.com\/snecense\/wp-json\/wp\/v2\/product_tag?post=1936"}],"curies":[{"name":"wp","href":"https:\/\/api.w.org\/{rel}","templated":true}]}}