{"id":1554,"date":"2025-12-17T06:02:53","date_gmt":"2025-12-17T06:02:53","guid":{"rendered":"https:\/\/escaipn2.com\/snecense\/?post_type=product&#038;p=1554"},"modified":"2026-03-12T01:50:07","modified_gmt":"2026-03-12T01:50:07","slug":"paco-rabanne-invictus-victory-elixir-edp","status":"publish","type":"product","link":"https:\/\/escaipn2.com\/snecense\/producto\/paco-rabanne-invictus-victory-elixir-edp\/","title":{"rendered":"Paco Rabanne Invictus Victory Elixir-EDP"},"content":{"rendered":"<p><strong data-start=\"60\" data-end=\"116\">Paco Rabanne Invictus Victory Elixir \u2013 Eau de Parfum<\/strong><\/p>\n<p>Invictus Victory Elixir es una fragancia poderosa y vibrante que combina notas intensas y frescas con un fondo c\u00e1lido y amaderado. Su aroma audaz transmite energ\u00eda, fuerza y determinaci\u00f3n, ideal para la noche o eventos especiales. Perfecta para hombres que buscan una presencia impactante y un estilo moderno con gran car\u00e1cter.<\/p>\n","protected":false},"excerpt":{"rendered":"<p>Paco Rabanne Invictus Victory Elixir \u2013 Eau de Parfum Invictus Victory Elixir es una fragancia poderosa y vibrante que combina notas intensas y frescas con un fondo c\u00e1lido y amaderado. Su aroma audaz transmite energ\u00eda, fuerza y determinaci\u00f3n, ideal para la noche o eventos especiales. Perfecta para hombres que buscan una presencia impactante y un [&hellip;]<\/p>\n","protected":false},"featured_media":2246,"template":"","meta":[],"product_brand":[49],"product_cat":[31],"product_tag":[],"class_list":{"0":"post-1554","1":"product","2":"type-product","3":"status-publish","4":"has-post-thumbnail","6":"product_brand-pr","7":"product_cat-perfumes-hombre","8":"pa_ml-100ml","10":"first","11":"instock","12":"shipping-taxable","13":"purchasable","14":"product-type-simple"},"_links":{"self":[{"href":"https:\/\/escaipn2.com\/snecense\/wp-json\/wp\/v2\/product\/1554","targetHints":{"allow":["GET"]}}],"collection":[{"href":"https:\/\/escaipn2.com\/snecense\/wp-json\/wp\/v2\/product"}],"about":[{"href":"https:\/\/escaipn2.com\/snecense\/wp-json\/wp\/v2\/types\/product"}],"wp:featuredmedia":[{"embeddable":true,"href":"https:\/\/escaipn2.com\/snecense\/wp-json\/wp\/v2\/media\/2246"}],"wp:attachment":[{"href":"https:\/\/escaipn2.com\/snecense\/wp-json\/wp\/v2\/media?parent=1554"}],"wp:term":[{"taxonomy":"product_brand","embeddable":true,"href":"https:\/\/escaipn2.com\/snecense\/wp-json\/wp\/v2\/product_brand?post=1554"},{"taxonomy":"product_cat","embeddable":true,"href":"https:\/\/escaipn2.com\/snecense\/wp-json\/wp\/v2\/product_cat?post=1554"},{"taxonomy":"product_tag","embeddable":true,"href":"https:\/\/escaipn2.com\/snecense\/wp-json\/wp\/v2\/product_tag?post=1554"}],"curies":[{"name":"wp","href":"https:\/\/api.w.org\/{rel}","templated":true}]}}