{"id":1395,"date":"2025-12-16T21:12:07","date_gmt":"2025-12-16T21:12:07","guid":{"rendered":"https:\/\/escaipn2.com\/snecense\/?post_type=product&#038;p=1395"},"modified":"2026-03-12T03:03:50","modified_gmt":"2026-03-12T03:03:50","slug":"carolina-herrera-ch-edt","status":"publish","type":"product","link":"https:\/\/escaipn2.com\/snecense\/producto\/carolina-herrera-ch-edt\/","title":{"rendered":"Carolina Herrera CH-EDT"},"content":{"rendered":"<p><strong data-start=\"60\" data-end=\"101\">Carolina Herrera CH \u2013 Eau de Toilette<\/strong><\/p>\n<p>CH es una fragancia elegante y sofisticada que combina notas frescas y especiadas con un fondo c\u00e1lido y amaderado. Su aroma refinado y equilibrado transmite distinci\u00f3n y estilo, ideal para el uso diario o ocasiones especiales. Perfecta para hombres que buscan un toque cl\u00e1sico y moderno a la vez.<\/p>\n","protected":false},"excerpt":{"rendered":"<p>Carolina Herrera CH \u2013 Eau de Toilette CH es una fragancia elegante y sofisticada que combina notas frescas y especiadas con un fondo c\u00e1lido y amaderado. Su aroma refinado y equilibrado transmite distinci\u00f3n y estilo, ideal para el uso diario o ocasiones especiales. Perfecta para hombres que buscan un toque cl\u00e1sico y moderno a la [&hellip;]<\/p>\n","protected":false},"featured_media":1398,"template":"","meta":[],"product_brand":[42],"product_cat":[31],"product_tag":[],"class_list":{"0":"post-1395","1":"product","2":"type-product","3":"status-publish","4":"has-post-thumbnail","6":"product_brand-ch","7":"product_cat-perfumes-hombre","8":"pa_ml-100ml","9":"pa_ml-200ml","11":"first","12":"instock","13":"shipping-taxable","14":"purchasable","15":"product-type-variable"},"_links":{"self":[{"href":"https:\/\/escaipn2.com\/snecense\/wp-json\/wp\/v2\/product\/1395","targetHints":{"allow":["GET"]}}],"collection":[{"href":"https:\/\/escaipn2.com\/snecense\/wp-json\/wp\/v2\/product"}],"about":[{"href":"https:\/\/escaipn2.com\/snecense\/wp-json\/wp\/v2\/types\/product"}],"wp:featuredmedia":[{"embeddable":true,"href":"https:\/\/escaipn2.com\/snecense\/wp-json\/wp\/v2\/media\/1398"}],"wp:attachment":[{"href":"https:\/\/escaipn2.com\/snecense\/wp-json\/wp\/v2\/media?parent=1395"}],"wp:term":[{"taxonomy":"product_brand","embeddable":true,"href":"https:\/\/escaipn2.com\/snecense\/wp-json\/wp\/v2\/product_brand?post=1395"},{"taxonomy":"product_cat","embeddable":true,"href":"https:\/\/escaipn2.com\/snecense\/wp-json\/wp\/v2\/product_cat?post=1395"},{"taxonomy":"product_tag","embeddable":true,"href":"https:\/\/escaipn2.com\/snecense\/wp-json\/wp\/v2\/product_tag?post=1395"}],"curies":[{"name":"wp","href":"https:\/\/api.w.org\/{rel}","templated":true}]}}