{"id":1359,"date":"2025-12-16T18:27:03","date_gmt":"2025-12-16T18:27:03","guid":{"rendered":"https:\/\/escaipn2.com\/snecense\/?post_type=product&#038;p=1359"},"modified":"2025-12-16T18:30:12","modified_gmt":"2025-12-16T18:30:12","slug":"calvin-klein-ck-be-edt","status":"publish","type":"product","link":"https:\/\/escaipn2.com\/snecense\/producto\/calvin-klein-ck-be-edt\/","title":{"rendered":"Calvin Klein CK Be-EDT"},"content":{"rendered":"<p><strong data-start=\"60\" data-end=\"100\">Calvin Klein CK Be \u2013 Eau de Toilette<\/strong><br data-start=\"100\" data-end=\"103\" \/>CK Be es una fragancia fresca y relajada que combina notas c\u00edtricas y suaves con un fondo limpio y ligero. Su aroma c\u00f3modo y vers\u00e1til transmite libertad y autenticidad, ideal para el uso diario. Perfecta para quienes buscan un estilo desenfadado, moderno y sin l\u00edmites.<\/p>\n","protected":false},"excerpt":{"rendered":"<p>Calvin Klein CK Be \u2013 Eau de ToiletteCK Be es una fragancia fresca y relajada que combina notas c\u00edtricas y suaves con un fondo limpio y ligero. Su aroma c\u00f3modo y vers\u00e1til transmite libertad y autenticidad, ideal para el uso diario. Perfecta para quienes buscan un estilo desenfadado, moderno y sin l\u00edmites.<\/p>\n","protected":false},"featured_media":1364,"template":"","meta":[],"product_brand":[43],"product_cat":[27,31,32],"product_tag":[],"class_list":{"0":"post-1359","1":"product","2":"type-product","3":"status-publish","4":"has-post-thumbnail","6":"product_brand-ck","7":"product_cat-mujer","8":"product_cat-perfumes-hombre","9":"product_cat-perfumes-mujer","10":"pa_ml-100ml","11":"pa_ml-200ml","13":"first","14":"instock","15":"shipping-taxable","16":"purchasable","17":"product-type-variable"},"_links":{"self":[{"href":"https:\/\/escaipn2.com\/snecense\/wp-json\/wp\/v2\/product\/1359","targetHints":{"allow":["GET"]}}],"collection":[{"href":"https:\/\/escaipn2.com\/snecense\/wp-json\/wp\/v2\/product"}],"about":[{"href":"https:\/\/escaipn2.com\/snecense\/wp-json\/wp\/v2\/types\/product"}],"wp:featuredmedia":[{"embeddable":true,"href":"https:\/\/escaipn2.com\/snecense\/wp-json\/wp\/v2\/media\/1364"}],"wp:attachment":[{"href":"https:\/\/escaipn2.com\/snecense\/wp-json\/wp\/v2\/media?parent=1359"}],"wp:term":[{"taxonomy":"product_brand","embeddable":true,"href":"https:\/\/escaipn2.com\/snecense\/wp-json\/wp\/v2\/product_brand?post=1359"},{"taxonomy":"product_cat","embeddable":true,"href":"https:\/\/escaipn2.com\/snecense\/wp-json\/wp\/v2\/product_cat?post=1359"},{"taxonomy":"product_tag","embeddable":true,"href":"https:\/\/escaipn2.com\/snecense\/wp-json\/wp\/v2\/product_tag?post=1359"}],"curies":[{"name":"wp","href":"https:\/\/api.w.org\/{rel}","templated":true}]}}